e the remainder when 411697 is divided by 45741.
28
Calculate the remainder when 30204250 is divided by 2626.
2624
What is the remainder when 776884 is divided by 11755?
1054
Calculate the remainder when 64673046 is divided by 121.
119
Calculate the remainder when 4935869 is divided by 58.
11
Calculate the remainder when 1590872 is divided by 2882.
8
Calculate the remainder when 418131 is divided by 3097.
36
What is the remainder when 245133846 is divided by 1709?
13
Calculate the remainder when 3544148 is divided by 152.
116
What is the remainder when 1002249 is divided by 3480?
9
What is the remainder when 10056 is divided by 2323?
764
What is the remainder when 262587 is divided by 1500?
87
What is the remainder when 5620950 is divided by 2810294?
362
What is the remainder when 11516883 is divided by 19259?
1
Calculate the remainder when 128000 is divided by 15649.
2808
Calculate the remainder when 1244727238 is divided by 6757.
6754
What is the remainder when 14372104 is divided by 958140?
4
Calculate the remainder when 298487 is divided by 37305.
47
What is the remainder when 711069 is divided by 41821?
112
What is the remainder when 6190147 is divided by 7?
5
Calculate the remainder when 4720456 is divided by 590055.
16
What is the remainder when 7282777 is divided by 7282737?
40
Calculate the remainder when 47103136 is divided by 10121.
2
Calculate the remainder when 1132460 is divided by 59597.
117
What is the remainder when 1674703 is divided by 5581?
403
What is the remainder when 1105422 is divided by 276?
42
What is the remainder when 1687776 is divided by 421927?
68
Calculate the remainder when 8689418 is divided by 10259.
45
What is the remainder when 1534742 is divided by 767335?
72
Calculate the remainder when 223539 is divided by 31869.
456
What is the remainder when 1047999 is divided by 39?
30
What is the remainder when 623624 is divided by 979?
1
Calculate the remainder when 118111 is divided by 727.
337
What is the remainder when 879923 is divided by 97767?
20
What is the remainder when 66245199 is divided by 279?
276
Calculate the remainder when 1082500 is divided by 1489.
1486
What is the remainder when 7158099 is divided by 35436?
27
Calculate the remainder when 5071818 is divided by 255.
123
Calculate the remainder when 68315 is divided by 22752.
59
Calculate the remainder when 14450197 is divided by 5228.
5
What is the remainder when 2316335 is divided by 132?
131
Calculate the remainder when 357061 is divided by 356821.
240
Calculate the remainder when 90078 is divided by 2135.
408
What is the remainder when 413644353 is divided by 3086?
3085
What is the remainder when 100023051 is divided by 1281?
9
Calculate the remainder when 145720 is divided by 72603.
514
Calculate the remainder when 1117848 is divided by 359.
281
What is the remainder when 78725 is divided by 26220?
65
What is the remainder when 4790189 is divided by 31?
7
Calculate the remainder when 47364 is divided by 919.
495
Calculate the remainder when 60800147 is divided by 651.
2
Calculate the remainder when 1493950 is divided by 348.
334
Calculate the remainder when 152437 is divided by 2117.
13
What is the remainder when 1747280 is divided by 377?
262
What is the remainder when 18784 is divided by 18760?
24
What is the remainder when 8631565 is divided by 2779?
2770
Calculate the remainder when 285440 is divided by 656.
80
Calculate the remainder when 462298 is divided by 797.
38
What is the remainder when 92448 is divided by 915?
33
Calculate the remainder when 5779378 is divided by 122.
116
Calculate the remainder when 500002 is divided by 22491.
5200
Calculate the remainder when 234172 is divided by 1593.
1
What is the remainder when 7786230 is divided by 9381?
0
What is the remainder when 5812888 is divided by 1453160?
248
Calculate the remainder when 178834 is divided by 524.
150
Calculate the remainder when 22644693 is divided by 62.
61
What is the remainder when 68644 is divided by 2626?
368
What is the remainder when 582306 is divided by 1497?
1470
Calculate the remainder when 536867 is divided by 41297.
6
Calculate the remainder when 2995065 is divided by 22.
7
What is the remainder when 4643059 is divided by 1416?
1411
What is the remainder when 739406201 is divided by 7036?
7033
What is the remainder when 177975 is divided by 17775?
225
What is the remainder when 1244739934 is divided by 11?
9
What is the remainder when 109582 is divided by 1264?
878
Calculate the remainder when 275583 is divided by 2008.
487
Calculate the remainder when 1752228 is divided by 2777.
2718
Calculate the remainder when 1113537 is divided by 444.
429
What is the remainder when 6394829 is divided by 236835?
284
Calculate the remainder when 37853 is divided by 18911.
31
Calculate the remainder when 458214 is divided by 91297.
1729
Calculate the remainder when 855218 is divided by 1527.
98
What is the remainder when 184911 is divided by 36971?
56
What is the remainder when 2111842 is divided by 2850?
2842
Calculate the remainder when 2291836 is divided by 139.
4
Calculate the remainder when 62553 is divided by 6202.
533
What is the remainder when 118668 is divided by 18496?
7692
What is the remainder when 134691 is divided by 4797?
375
What is the remainder when 27147398 is divided by 506?
498
What is the remainder when 347814487 is divided by 44?
31
What is the remainder when 107425 is divided by 2698?
2203
Calculate the remainder when 63865 is divided by 570.
25
Calculate the remainder when 11824856 is divided by 4797.
251
What is the remainder when 13412228 is divided by 1117677?
104
What is the remainder when 436824 is divided by 21?
3
What is the remainder when 9491354 is divided by 11?
4
What is the remainder when 27459662 is divided by 6802?
6790
What is the remainder when 262256 is divided by 87401?
53
What is the remainder when 192265 is divided by 64?
9
Calculate the remainder when 2801798 is divided by 990.
98
What is the remainder when 256508 is divided by 70?
28
Calculate the remainder when 132121 is divided by 67.
64
Calculate the remainder when 10181749 is divided by 1342.
1337
What is the remainder when 293350 is divided by 13?
5
What is the remainder when 209767 is divided by 23303?
40
What is the remainder when 118233 is divided by 3688?
217
Calculate the remainder when 9968976 is divided by 23.
17
What is the remainder when 2172637 is divided by 1011?
1009
Calculate the remainder when 22925818 is divided by 57.
19
Calculate the remainder when 50758123 is divided by 1880.
3
What is the remainder when 384721 is divided by 2224?
2193
Calculate the remainder when 832210 is divided by 98.
92
Calculate the remainder when 140997 is divided by 266.
17
Calculate the remainder when 5671 is divided by 3230.
2441
Calculate the remainder when 29738083 is divided by 46321.
1
What is the remainder when 46149 is divided by 15200?
549
Calculate the remainder when 31060 is divided by 110.
40
Calculate the remainder when 116043328 is divided by 62.
36
What is the remainder when 8462123 is divided by 12?
11
What is the remainder when 9736838 is divided by 565?
193
Calculate the remainder when 5003282 is divided by 14418.
236
Calculate the remainder when 1019774 is divided by 23711.
201
Calculate the remainder when 19582158 is divided by 623.
22
Calculate the remainder when 464904 is divided by 38742.
0
What is the remainder when 433237 is divided by 1354?
1311
Calculate the remainder when 4304792 is divided by 6811.
240
Calculate the remainder when 794751 is divided by 13943.
0
What is the remainder when 169428 is divided by 1236?
96
What is the remainder when 1884459 is divided by 4044?
3999
What is the remainder when 15163 is divided by 14508?
655
What is the remainder when 1467143 is divided by 8731?
335
What is the remainder when 52570 is divided by 6549?
178
Calculate the remainder when 153497869 is divided by 3841.
3827
Calculate the remainder when 35817086 is divided by 155.
151
Calculate the remainder when 43560533 is divided by 405.
353
Calculate the remainder when 63428801 is divided by 106.
97
Calculate the remainder when 923293 is divided by 115403.
69
Calculate the remainder when 52922 is divided by 1703.
129
Calculate the remainder when 2832649 is